{"id":17062,"date":"2018-09-27T16:59:26","date_gmt":"2018-09-27T14:59:26","guid":{"rendered":"https:\/\/www.kaspersky.es\/blog\/?page_id=17062"},"modified":"2022-05-05T17:53:06","modified_gmt":"2022-05-05T15:53:06","slug":"fighting-fraud-report","status":"publish","type":"page","link":"https:\/\/www.kaspersky.es\/blog\/fighting-fraud-report\/","title":{"rendered":"Luchando contra el Fraude"},"content":{"rendered":"<style>.grid-three-columns{text-align:center;display:grid;grid-template-columns:1fr 1fr 1fr}@media(max-width:768px){.grid-three-columns{grid-template-columns:1fr}}.mktoHtmlText.mktoHasWidth p {font-size: 12px;}.mktoForm .mktoButtonRow .mktoButtonWrap.mktoSimple{margin:20px!important;width: 100%;}.mktoForm .mktoButtonRow .mktoButtonWrap.mktoSimple .mktoButton{font-size:20px;padding:15px;width:100%;background-color: #006d5c;background-image: none;}.mktoForm .mktoButtonRow .mktoButtonWrap.mktoSimple .mktoButton:hover{background-color: #005446;}.mktoForm .mktoFormRow, .mktoForm .mktoButtonRow { clear: both; display: flex!important; justify-content: center;}#mktoForm_21222{margin:0 auto}.mktoForm input[type=text], .mktoForm input[type=email], .mktoForm input[type=tel], .mktoForm input[type=number], .mktoForm select { height: 40px; border-radius: 4px; background-color: #ffffff; border: solid 1px #259c83; font-family: MuseoSans; font-size: 15px!important; font-weight: 300; color: #a4a4a4; padding: 11px 16px!important;}.mktoForm .mktoRequiredField label.mktoLabel{font-size: 14px; font-weight: normal; font-family: \"Museosanscyrl\", Helvetica, Arial, sans-serif;}<\/style>\n<div style=\"background-color:white;width:100%;max-width:852px;margin:0 auto; padding:60px;position:absolute;top:-30px;left:0;right:0;height:60px;z-index: -1;\"><\/div>\n<div style=\"background-color:white;width:100%;max-width:852px;margin:0 auto; padding:60px;position:absolute;bottom:40px;left:0;right:0;height:60px;z-index: -1;\"><\/div>\n<div style=\"background-color:white;width:100%;max-width:852px;margin:0 auto;padding:30px 60px\">\n<h1 style=\"line-height:1.5;font-weight:700\">Luchando contra el Fraude<\/h1>\n<div style=\"margin:2.5vw -1.5vw;padding:2.5vw;padding-bottom: 1.5vw;background-color: #006D5C;\">\n<p style=\"font-size: 12px;color: white;text-align:center\"><img decoding=\"async\" src=\"https:\/\/media.kasperskydaily.com\/wp-content\/uploads\/sites\/88\/2018\/09\/27154106\/raconteur-report-featured.png\" width=\"100%\">Como se vio originalmente en el informe <a target=\"_blank\" rel=\"nofollow noopener noreferrer\" href=\"https:\/\/www.raconteur.net\/fighting-fraud-2018\">\u201cFighting Fraud\u201d publicado por Raconteur Media el 6 de septiembre de 2018, en el Times<\/a><\/p>\n<\/div>\n<hr style=\"border: none;border-top: rgba(0,0,0,0.18) 1px solid;margin: 2wv 0 !important;\">\n<h2 style=\"margin-top: 0;\">Los estafadores se agrupan en las plataformas digitales para amenazar a las empresas<\/h2>\n<p>Hemos observado una tendencia peligrosa: los estafadores parecen estar formando comunidades. En 2017 hemos podido identificar al menos 294 cuentas en cuatro bancos diferentes, pertenecientes a dichas redes de fraude. Adem\u00e1s, est\u00e1n desarrollando un mercado donde ofrecen el \u201cfraude como servicio\u201d, que ya ha generado 3,25 millones de ataques online por d\u00eda, y este n\u00famero sigue creciendo. El fraude definitivamente va m\u00e1s all\u00e1 de las instituciones financieras. Por ejemplo, en los programas de fidelidad de tiendas hemos identificado y bloqueado 3000 cuentas falsas.<\/p>\n<p>Este informe aborda el panorama cambiante continuo de fraude y falta de comprensi\u00f3n en torno a las nuevas tecnolog\u00edas y la evoluci\u00f3n de actividades fraudulentas.  El 63% de las empresas han experimentado el mismo nivel de p\u00e9rdidas por fraude o incluso mayor en los \u00faltimos 12 meses que en a\u00f1os anteriores.<\/p>\n<hr style=\"border: none;border-top: rgba(0,0,0,0.18) 1px solid;margin: 2.5vw 0 !important;\">\n<h2 style=\"font-size: 36px;text-align:center;margin-bottom:30px\">Conclusiones principales<\/h2>\n<div class=\"grid-three-columns\" style=\"\">\n<div>\n<div style=\"height:120px;margin-bottom:20px\">\n    <img decoding=\"async\" src=\"https:\/\/media.kasperskydaily.com\/wp-content\/uploads\/sites\/92\/2018\/09\/06103540\/user-secret-solid.png\" style=\"height:70%;vertical-align:middle\" alt=\"\">\n  <\/div>\n<p><strong style=\"font-size:2em\">49%<\/strong><\/p>\n<p>de las organizaciones globales confiesan que han sido v\u00edctimas de fraude y delitos econ\u00f3micos en los \u00faltimos 24 meses\n<\/p><\/div>\n<div>\n<div style=\"height:120px;margin-bottom:20px\">\n    <img decoding=\"async\" src=\"https:\/\/media.kasperskydaily.com\/wp-content\/uploads\/sites\/92\/2018\/09\/06103518\/eye-regular.png\" style=\"height:70%;vertical-align:middle\" alt=\"\">\n  <\/div>\n<p><strong style=\"font-size:2em\">52%<\/strong><\/p>\n<p>de todos los fraudes declarados en los \u00faltimos 24 meses fueron casos de fraude interno, respecto al 46% en 2016<\/p><\/div>\n<div>\n<div style=\"height:120px;margin-bottom:20px\">\n    <img decoding=\"async\" src=\"https:\/\/media.kasperskydaily.com\/wp-content\/uploads\/sites\/92\/2018\/09\/06103528\/money-bill-alt-regular.png\" style=\"height:70%;vertical-align:middle\" alt=\"\">\n  <\/div>\n<p><strong style=\"font-size:2em\">11%<\/strong><\/p>\n<p>de las empresas est\u00e1n utilizando y obteniendo valor de la inteligencia artificial<\/p><\/div>\n<\/div>\n<hr style=\"border: none;border-top: rgba(0,0,0,0) 0px solid;margin: 50px 0 !important;\">\n<div style=\"margin:50px -15px;padding:1px 2.5vw 2.5vw 2.5vw ;border:2px solid rgba(0,0,0,0.18);text-align:center\">\n<h2 style=\"font-size: 36px;text-align:center;margin-bottom:30px\">Reg\u00edstrate para descargar el informe<\/h2>\n<div class=\"interactive\"><form id=\"mktoForm_21222\"><\/form><script>MktoForms2.loadForm(\"\/\/app-sj06.marketo.com\", \"802-IJN-240\", 21222);<\/script><script>\n            MktoForms2.whenReady(function(form) {\n                form.onSuccess(function(vals, tyURL) {\n                    document.location.href = tyURL;\n                    dataLayer.push({\n                        'event': 'addEvents_makeConversions',\n                        'event_id': 'd-n01-e11',\n                        'conversion_name': 'Marketo Form',\n                        'conversion_step': 'Form Fill Out',\n                        'conversion_param': jQuery(location).attr(\"href\"),\n                        'eventCallback' : function() {\n                            jQuery(location).attr('href',tyURL);\n                        }\n                    });\n                    return false;\n                });\n            });\n            <\/script><\/div><!-- RECAPTCHA -->\n        <style>.googleRecaptcha { padding: 20px !important; }<\/style>\n        <script>\n            var GOOGLE_RECAPTCHA_SITE_KEY = '6Lf2eUQUAAAAAC-GQSZ6R2pjePmmD6oA6F_3AV7j';\n\n            var insertGoogleRecaptcha = function (form) {\n            var formElem = form.getFormElem().get(0);\n\n            if (formElem && window.grecaptcha) {\n                var div = window.document.createElement('div');\n                var divId = 'g-recaptcha-' + form.getId();\n                var buttonRow = formElem.querySelector('.mktoButtonRow');\n                var button = buttonRow ? buttonRow.querySelector('.mktoButton[type=\"submit\"]') : null;\n\n                var submitHandler = function (e) {\n                var recaptchaResponse = window.grecaptcha && window.grecaptcha.getResponse(widgetId);\n                e.preventDefault();\n\n                if (form.validate()) {\n                    if (!recaptchaResponse) {\n                    div.setAttribute('data-error', 'true');\n                    } else {\n                    div.setAttribute('data-error', 'false');\n\n                    form.addHiddenFields({\n                        reCAPTCHAFormResponse: recaptchaResponse,\n                    });\n\n                    form.submit();\n                    }\n                }\n                };\n\n                div.id = divId;\n                div.classList.add('googleRecaptcha');\n\n                if (button) {\n                button.addEventListener('click', submitHandler);\n                }\n\n                if (buttonRow) {\n                formElem.insertBefore(div, buttonRow);\n                }\n\n                if (window.grecaptcha.render) {\n                    var widgetId = window.grecaptcha.render(divId, {\n                    sitekey: GOOGLE_RECAPTCHA_SITE_KEY,\n                });\n                formElem.style.display = '';\n                }\n            }\n            };\n\n            function onloadApiCallback() {\n            var forms = MktoForms2.allForms();\n            for (var i = 0; i < forms.length; i++) {\n                insertGoogleRecaptcha(forms[i]);\n            }\n            }\n\n            (function () {\n            MktoForms2.whenReady(function (form) {\n                form.getFormElem().get(0).style.display = 'none';\n                jQuery.getScript('\/\/www.google.com\/recaptcha\/api.js?onload=onloadApiCallback');\n            });\n            })();\n        <\/script>\n        <!-- END RECAPTCHA --><\/div>\n<\/div>\n","protected":false},"excerpt":{"rendered":"<p>Luchando contra el Fraude Como se vio originalmente en el informe \u201cFighting Fraud\u201d publicado por Raconteur Media el 6 de septiembre de 2018, en el Times Los estafadores se agrupan<\/p>\n","protected":false},"author":2706,"featured_media":17063,"parent":0,"menu_order":0,"comment_status":"closed","ping_status":"closed","template":"","meta":{"_acf_changed":false,"footnotes":""},"categories":[],"class_list":["post-17062","page","type-page","status-publish","has-post-thumbnail"],"hreflang":[{"hreflang":"es","url":"https:\/\/www.kaspersky.es\/blog\/fighting-fraud-report\/"},{"hreflang":"tr","url":"https:\/\/www.kaspersky.com.tr\/blog\/fighting-fraud-report\/"},{"hreflang":"x-default","url":"https:\/\/www.kaspersky.com\/blog\/fighting-fraud-report\/"},{"hreflang":"ja","url":"https:\/\/blog.kaspersky.co.jp\/fighting-fraud-report\/"}],"acf":[],"banners":"","is_landing":true,"_links":{"self":[{"href":"https:\/\/www.kaspersky.es\/blog\/wp-json\/wp\/v2\/pages\/17062","targetHints":{"allow":["GET"]}}],"collection":[{"href":"https:\/\/www.kaspersky.es\/blog\/wp-json\/wp\/v2\/pages"}],"about":[{"href":"https:\/\/www.kaspersky.es\/blog\/wp-json\/wp\/v2\/types\/page"}],"author":[{"embeddable":true,"href":"https:\/\/www.kaspersky.es\/blog\/wp-json\/wp\/v2\/users\/2706"}],"replies":[{"embeddable":true,"href":"https:\/\/www.kaspersky.es\/blog\/wp-json\/wp\/v2\/comments?post=17062"}],"version-history":[{"count":4,"href":"https:\/\/www.kaspersky.es\/blog\/wp-json\/wp\/v2\/pages\/17062\/revisions"}],"predecessor-version":[{"id":22535,"href":"https:\/\/www.kaspersky.es\/blog\/wp-json\/wp\/v2\/pages\/17062\/revisions\/22535"}],"wp:featuredmedia":[{"embeddable":true,"href":"https:\/\/www.kaspersky.es\/blog\/wp-json\/wp\/v2\/media\/17063"}],"wp:attachment":[{"href":"https:\/\/www.kaspersky.es\/blog\/wp-json\/wp\/v2\/media?parent=17062"}],"wp:term":[{"taxonomy":"category","embeddable":true,"href":"https:\/\/www.kaspersky.es\/blog\/wp-json\/wp\/v2\/categories?post=17062"}],"curies":[{"name":"wp","href":"https:\/\/api.w.org\/{rel}","templated":true}]}}