{"id":18702,"date":"2019-07-10T13:58:42","date_gmt":"2019-07-10T11:58:42","guid":{"rendered":"https:\/\/www.kaspersky.es\/blog\/?page_id=18702"},"modified":"2022-05-05T17:53:05","modified_gmt":"2022-05-05T15:53:05","slug":"can-you-just","status":"publish","type":"page","link":"https:\/\/www.kaspersky.es\/blog\/can-you-just\/","title":{"rendered":"\u00bfMe ayudas con esto?"},"content":{"rendered":"<style>#container { margin-top: 0;}#main { background: white; font-family: \"Museosanscyrl\", Helvetica, Arial, sans-serif; font-size: 1.125rem; margin: 0; width: 100% !important;}#main * { box-sizing: border-box; line-height: 150%;}#main p { font-size: 22px;}#main .container { max-width: 1030px; margin: auto;}#main .full-width { padding: 80px; margin: 40px 0; min-height: 600px; display: flex; justify-content: center; flex-direction: column;}#main .lead-row { margin-top: 0; text-align: center; background: linear-gradient(rgba(0, 109, 92, 0.6), rgba(0, 109, 92, 0.6)), url(https:\/\/media.kasperskydaily.com\/wp-content\/uploads\/sites\/92\/2019\/05\/30052522\/can-you-just-featured.jpg); background-position-y: 25%; background-size: cover; color: white; font-size: 1.5em;}#main h1 { margin-bottom: 60px; font-size: 3em;}#main h2 { font-size: 2em;}#main h1,#main h2 { text-align: center;}#main img { max-width: 100%; margin: 3rem 0;}#main .video-block .thumb-wrap { position: relative; padding-bottom: 56.25%; height: 0; overflow: hidden; margin: 3rem 0; width: 100%;}#main .video-block .thumb-wrap iframe { margin: 0; position: absolute; top: 0; left: 0; width: 100%; height: 100%;}#main .how-to-list { color: white; background: url(https:\/\/media.kasperskydaily.com\/wp-content\/uploads\/sites\/92\/2019\/04\/16110459\/B2C-pattern.jpg); background-size: cover;}#main .how-to-list ul { display: grid; grid-gap: 25px; grid-template-columns: repeat(auto-fit, minmax(270px, 1fr)); margin: 0!important; margin-top: 40px!important; list-style: none; padding: 0;}#main .how-to-list ul li { display: block; border: 2px solid white; text-align: center; margin: 0; padding: 0; font-size: 22px;}#main .how-to-list ul li:before { content: none; opacity: 0;}#main .how-to-list ul li a { color: white; text-decoration: none; width: 100%; height: 100%; display: block; padding: 60px 40px; box-sizing: border-box;}#main .how-to-list ul li a:before { content: \"\"; display: block; width: 65px; height: 65px; margin: 20px auto; background: url(https:\/\/media.kasperskydaily.com\/wp-content\/uploads\/sites\/92\/2019\/05\/30064756\/download-pdf-icon1.png); background-size: contain; transition: 300ms; opacity: 0.75;}#main .how-to-list ul li a:hover:before { opacity: 1;}#main .how-to-list ul li:hover { background: rgba(255, 255, 255, 0.15);}#main .subsribe-text { display: flex; align-items: center;}#main .subsribe-text .logo-text { float: left; display: block; text-transform: uppercase; background: #ed2939; font-size: 18px; font-family: \"Museosanscyrl\", Helvetica, Arial, sans-serif; font-weight: 900; padding: 1px 2px 0 1px; margin-right: 10px; color: #fff;}#main .subsribe-text .fa-twitter { color: white; background: #55acee; padding: 5px; margin-right: 10px; width: 28px; height: 28px; font-size: 20px; display: flex; align-items: center;}@media (max-width: 992px) { #main .full-width { min-height: 100vh; padding: 0; } #main .container { padding: 20px; } #main h1 { font-size: 2em; } #main h2 { text-align: left; } #main h3 { font-size: 1em; font-weight: normal; } #main h1, #main h2, #main h3 { margin: 1rem 0 !important; text-align: left; } #main .lead-row { margin-bottom: 0; }} .how-to-button{margin-top:1em;border: 2px solid white; display: inline-block; padding: 10px 70px;max-width:100%;color:white!important;}.how-to-button:hover{text-decoration:none!important;background:#ffffff50}<\/style>\n<div id=\"main1\">\n<div class=\"lead-row full-width\">\n<div class=\"container\">\n<h1>\u00bfPodr\u00edas ayudarme con esto?<\/h1>\n<h3>La tecnolog\u00eda es genial, \u00bfverdad? Hasta que algo sale mal\u2026 <br>entonces puede causar m\u00e1s problemas de los que resuelve.<\/h3>\n<h3> \u00a1Y en esta \u00e9poca no hay forma de evitarlo!<\/h3>\n<h3><a target=\"_blank\" href=\"#how-to\" class=\"how-to-button\" style=\"color:white!important\" rel=\"noopener noreferrer\">C\u00f3mo<\/a><\/h3>\n<\/div>\n<\/div>\n<div class=\"container\">\n<h2>\u00bfPodr\u00edas ayudarme con esto?<\/h2>\n<p>Cuando un dispositivo deja de funcionar, puedes plante\u00e1rtelo de dos formas: \u201cA ver si puedo solucionarlo\u201d o \u201c\u00bfqu\u00e9 diablos hago ahora?\u201d <a target=\"_blank\" href=\"https:\/\/media.kasperskydaily.com\/wp-content\/uploads\/sites\/88\/2019\/07\/10135442\/KAS0479-Can-you-just-Report-FINAL-2_SP_DEF.pdf\" rel=\"noopener noreferrer\">Nuevo estudio de Kaspersky<\/a> muestra que las generaciones mayores se apoyan cada vez m\u00e1s en sus amigos y familiares m\u00e1s j\u00f3venes para que les ayuden a solucionar sus problemas con la tecnolog\u00eda.<\/p>\n<div class=\"video-block\">\n<div class=\"thumb-wrap\"> <iframe loading=\"lazy\" width=\"560\" height=\"315\" src=\"https:\/\/www.youtube.com\/embed\/i6lK-NXmh8Y?controls=0\" frameborder=\"0\" allow=\"accelerometer; autoplay; encrypted-media; gyroscope; picture-in-picture\" allowfullscreen><\/iframe> <\/div>\n<\/div>\n<p>Queremos mostrarte que no importa tu edad o conocimientos t\u00e9cnicos, con nuestras gu\u00edas \u00fatiles, CUALQUIERA puede resolver sus problemas con la tecnolog\u00eda y ser m\u00e1s aut\u00f3nomo, de modo que los<br>\n millennials no se sientan obligados a solucionar los problemas t\u00e9cnicos de sus familiares mayores.<\/p>\n<p> <img decoding=\"async\" class=\"aligncenter size-full wp-image-27100\" src=\"https:\/\/media.kasperskydaily.com\/wp-content\/uploads\/sites\/88\/2019\/07\/16165107\/20190524_Infographic_CanYouJust_ES_new-08.png\" alt=\"\"> <\/p><\/div>\n<div class=\"how-to-list full-width\">\n<div id=\"how-to\" class=\"container\">\n<h2>C\u00f3mo\u2026<\/h2>\n<p>A continuaci\u00f3n, te ofrecemos unas gu\u00edas pr\u00e1cticas para ayudarte a solucionar algunos de los problemas m\u00e1s<br>\ncomunes. \u00a1Con un lenguaje sencillo y lo suficientemente did\u00e1cticas para que cualquiera las entienda! C\u00f3mo:<\/p>\n<ul>\n<li><a target=\"_blank\" href=\"https:\/\/media.kasperskydaily.com\/wp-content\/uploads\/sites\/88\/2019\/07\/10135418\/KAS0452-Kaspersky-How-To-Combat-Viruses-A3-AW-002_SP_DEF.pdf\" rel=\"noopener noreferrer\">Combatir los virus<\/a><\/li>\n<li><a target=\"_blank\" href=\"https:\/\/media.kasperskydaily.com\/wp-content\/uploads\/sites\/88\/2019\/07\/10135421\/KAS0452-Kaspersky-How-To-Detect-Scams-A3-AW-002_SP_DEF.pdf\" rel=\"noopener noreferrer\">Detectar estafas<\/a><\/li>\n<li><a target=\"_blank\" href=\"https:\/\/media.kasperskydaily.com\/wp-content\/uploads\/sites\/88\/2019\/07\/10135424\/KAS0452-Kaspersky-How-To-Reset-A-Router-A3-AW_SP_DEF.pdf\" rel=\"noopener noreferrer\">Reiniciar el router<\/a><\/li>\n<li><a target=\"_blank\" href=\"https:\/\/media.kasperskydaily.com\/wp-content\/uploads\/sites\/88\/2019\/07\/10135428\/KAS0452-Kaspersky-How-To-Set-Strong-Passwords-A3-AW_SP_DEF.pdf\" rel=\"noopener noreferrer\">Crear una contrase\u00f1a fuerte y segura<\/a><\/li>\n<li><a target=\"_blank\" href=\"https:\/\/media.kasperskydaily.com\/wp-content\/uploads\/sites\/88\/2019\/07\/10135430\/KAS0452-Kaspersky-How-To-Shop-Safely-A3-AW_DEF.pdf\" rel=\"noopener noreferrer\">Comprar por internet de forma segura<\/a><\/li>\n<li><a target=\"_blank\" href=\"https:\/\/media.kasperskydaily.com\/wp-content\/uploads\/sites\/88\/2019\/07\/10135434\/KAS0452-Kaspersky-How-To-Use-Security-Protection-A3-AW_DEF.pdf\" rel=\"noopener noreferrer\">Usar una protecci\u00f3n de seguridad<\/a><\/li>\n<\/ul><\/div>\n<\/div>\n<div class=\"container\">\n<h2>Una fuerza laboral no remunerada<\/h2>\n<p> Pero, \u00bfqu\u00e9 sucede si eres t\u00fa al que amigos y familiares piden ayuda constantemente? La educaci\u00f3n es la clave que ayudar\u00e1 a la mayor\u00eda de los miembros de la familia a ser menos dependientes de los dem\u00e1s. Por lo tanto, si tu familia te pide ayuda de forma habitual, \u00a1puedes empezar por enviarles esta p\u00e1gina!<\/p>\n<p> <img decoding=\"async\" class=\"aligncenter size-full wp-image-27099\" src=\"https:\/\/media.kasperskydaily.com\/wp-content\/uploads\/sites\/88\/2019\/07\/16165056\/20190524_Infographic_CanYouJust_ES_new-09.png\" alt=\"\"> <\/p>\n<p>Para obtener m\u00e1s informaci\u00f3n, consejos y trucos sobre el uso de la tecnolog\u00eda, visita <a target=\"_blank\" href=\"https:\/\/www.kaspersky.es\/blog\/category\/tips\/\" rel=\"noopener noreferrer\">el blog de Kaspersky<\/a> o <a target=\"_blank\" href=\"https:\/\/twitter.com\/KasperskyES\" rel=\"noopener noreferrer nofollow\">s\u00edguenos en Twitter<\/a><\/p>\n<\/div>\n<\/div>\n","protected":false},"excerpt":{"rendered":"<p>Nuevo estudio de Kaspersky muestra que las generaciones mayores se apoyan cada vez m\u00e1s en sus amigos y familiares m\u00e1s j\u00f3venes para que les ayuden a solucionar sus problemas con la tecnolog\u00eda.<\/p>\n","protected":false},"author":2706,"featured_media":18705,"parent":0,"menu_order":0,"comment_status":"closed","ping_status":"closed","template":"","meta":{"_acf_changed":false,"footnotes":""},"categories":[],"class_list":["post-18702","page","type-page","status-publish","has-post-thumbnail"],"hreflang":[{"hreflang":"es","url":"https:\/\/www.kaspersky.es\/blog\/can-you-just\/"},{"hreflang":"it","url":"https:\/\/www.kaspersky.it\/blog\/can-you-just\/"},{"hreflang":"x-default","url":"https:\/\/www.kaspersky.com\/blog\/can-you-just\/"},{"hreflang":"fr","url":"https:\/\/www.kaspersky.fr\/blog\/can-you-just\/"},{"hreflang":"pt-br","url":"https:\/\/www.kaspersky.com.br\/blog\/can-you-just\/"},{"hreflang":"de","url":"https:\/\/www.kaspersky.de\/blog\/can-you-just\/"},{"hreflang":"nl","url":"https:\/\/www.kaspersky.nl\/blog\/can-you-just\/"}],"acf":[],"banners":"","is_landing":true,"_links":{"self":[{"href":"https:\/\/www.kaspersky.es\/blog\/wp-json\/wp\/v2\/pages\/18702","targetHints":{"allow":["GET"]}}],"collection":[{"href":"https:\/\/www.kaspersky.es\/blog\/wp-json\/wp\/v2\/pages"}],"about":[{"href":"https:\/\/www.kaspersky.es\/blog\/wp-json\/wp\/v2\/types\/page"}],"author":[{"embeddable":true,"href":"https:\/\/www.kaspersky.es\/blog\/wp-json\/wp\/v2\/users\/2706"}],"replies":[{"embeddable":true,"href":"https:\/\/www.kaspersky.es\/blog\/wp-json\/wp\/v2\/comments?post=18702"}],"version-history":[{"count":9,"href":"https:\/\/www.kaspersky.es\/blog\/wp-json\/wp\/v2\/pages\/18702\/revisions"}],"predecessor-version":[{"id":22531,"href":"https:\/\/www.kaspersky.es\/blog\/wp-json\/wp\/v2\/pages\/18702\/revisions\/22531"}],"wp:featuredmedia":[{"embeddable":true,"href":"https:\/\/www.kaspersky.es\/blog\/wp-json\/wp\/v2\/media\/18705"}],"wp:attachment":[{"href":"https:\/\/www.kaspersky.es\/blog\/wp-json\/wp\/v2\/media?parent=18702"}],"wp:term":[{"taxonomy":"category","embeddable":true,"href":"https:\/\/www.kaspersky.es\/blog\/wp-json\/wp\/v2\/categories?post=18702"}],"curies":[{"name":"wp","href":"https:\/\/api.w.org\/{rel}","templated":true}]}}